-24a498?
24a487
In base 10, what is 12240 - -8720?
20960
In base 4, what is -32012030200 + -1?
-32012030201
In base 5, what is -3413320 + 13040?
-3400230
In base 7, what is 1204003240 - -3?
1204003243
In base 4, what is -10 + 330220011022?
330220011012
In base 6, what is 513402235 - -40?
513402315
In base 12, what is -733 - -2181?
164a
In base 7, what is -3452 + -33330?
-40112
In base 5, what is -202104434 + 3011?
-202101423
In base 15, what is 1212 - -5?
1217
In base 9, what is -4 + -15372100?
-15372104
In base 10, what is 390021238 + -3?
390021235
In base 8, what is -41321334 - -4?
-41321330
In base 3, what is 11102 + 10220001221?
10220020100
In base 9, what is -3 + 8668011?
8668007
In base 14, what is 6 - a53448?
-a53442
In base 2, what is -101110100 + -111111111000100?
-1000000100111000
In base 14, what is -2 - 1851258?
-185125a
In base 8, what is -1426151 + 42?
-1426107
In base 7, what is -23 + -146514501?
-146514524
In base 5, what is 431 - -204023433?
204024414
In base 3, what is -10 + -212111011111200?
-212111011111210
In base 9, what is -1266261430 - 1?
-1266261431
In base 2, what is -100 - 10001111101110000000111?
-10001111101110000001011
In base 14, what is 3 - -30d79c8?
30d79cb
In base 9, what is 25 - -320082?
320117
In base 12, what is a245 - 22?
a223
In base 15, what is 449 + e5b?
13a5
In base 12, what is -10626 + -1551?
-11b77
In base 3, what is -111001110211120201 - -11?
-111001110211120120
In base 12, what is 10b7 - -669ba?
67ab5
In base 6, what is -10 + 145014543?
145014533
In base 2, what is 1101100010110110010101 + -111110?
1101100010110101010111
In base 15, what is 2 + -c288b?
-c2889
In base 5, what is 301 + 1411340433?
1411341234
In base 3, what is -10112122212100 + -22?
-10112122212122
In base 8, what is 471 - 75635?
-75144
In base 3, what is 10020212222 - 110200?
10020102022
In base 7, what is 360 + 600304?
600664
In base 6, what is -10543 + 3510133?
3455150
In base 15, what is 4eb13e + 4e?
4eb18d
In base 9, what is 823 + 1516066?
1517000
In base 4, what is -301230101 + -130?
-301230231
In base 15, what is -1 + 317937?
317936
In base 12, what is 0 - 482709a?
-482709a
In base 4, what is -12 + 12131001300?
12131001222
In base 15, what is 1c7e6 + 354?
1cb4a
In base 14, what is -211c7112 + 3?
-211c710d
In base 8, what is -22 - 17725576?
-17725620
In base 5, what is -14110010310 - 10?
-14110010320
In base 12, what is 5a4bb86 - -49?
5a50013
In base 2, what is 10010101101110011100010100 - 101?
10010101101110011100001111
In base 6, what is -4 + -4422434150?
-4422434154
In base 9, what is 16 + 104584434?
104584451
In base 4, what is -3301231332302 + -3?
-3301231332311
In base 16, what is b8158 - -6?
b815e
In base 16, what is -9e9887 - -2?
-9e9885
In base 9, what is -4 - 7847521?
-7847525
In base 10, what is -230 + -29386?
-29616
In base 12, what is -b9 + -34248b?
-342588
In base 7, what is 231 + -150153346?
-150153115
In base 4, what is 2111211211 + 23?
2111211300
In base 12, what is 2 - -989732?
989734
In base 16, what is -4 + -1ff8136?
-1ff813a
In base 8, what is -1625115 + -4654?
-1631771
In base 2, what is 1010111001110101011011010 + -1010?
1010111001110101011010000
In base 14, what is -1b59acd + -4?
-1b59ad3
In base 11, what is -29164425 + 3?
-29164422
In base 13, what is -cb5688 + 5?
-cb5683
In base 2, what is 1111011 - -10110000101000?
10110010100011
In base 11, what is -20 + 4589634?
4589614
In base 11, what is 8a5a + 5957?
13906
In base 14, what is 2 + -240a039?
-240a037
In base 8, what is -106110 + -32517?
-140627
In base 4, what is -303111210030033 - -11?
-303111210030022
In base 15, what is -8d7352 + 6?
-8d734b
In base 8, what is -3 + -1427620551?
-1427620554
In base 8, what is 31 + 222270645?
222270676
In base 8, what is 52412 - -25542?
100154
In base 13, what is -3063 + -1cc9?
-505c
In base 11, what is 139207 - 215?
138aa2
In base 16, what is -141811 + 7?
-14180a
In base 5, what is -10 + -1203032324?
-1203032334
In base 3, what is -100201010011 - 1211?
-100201011222
In base 4, what is 1033221101223 + 11?
1033221101300
In base 9, what is 7 + -7700740?
-7700732
In base 11, what is -1 - 54a0a2?
-54a0a3
In base 2, what is 110 - 10101110010111111110?
-10101110010111111000
In base 16, what is -7fb - -121b0?
119b5
In base 5, what is -1144043122 - 2?
-1144043124
In base 6, what is 12012 + 25240?
41252
In base 15, what is 10 - -1b5335?
1b5345
In base 5, what is 11000303 - 21?
11000232
In base 6, what is 1452 - 14?
1434
In base 11, what is -430 + 114a4a8?
114a078
In base 5, what is -43010 + 3241420?
3143410
In base 6, what is -4431 + 55041?
50210
In base 5, what is 44444 + -1143223?
-1043224
In base 4, what is -100221211 + 303?
-100220302
In base 14, what is 3 + 493a86?
493a89
In base 5, what is 214104 - 1044410?
-330301
In base 16, what is -1466c9 - 3?
-1466cc
In base 3, what is -211201221122 + 112?
-211201221010
In base 12, what is -11 + 6a976?
6a965
In base 7, what is 12262 + -13415?
-1123
In base 4, what is -11 + 21201122301112?
21201122301101
In base 10, what is 0 + -27148495?
-27148495
In base 10, what is -5323500 + 22?
-5323478
In base 8, what is -1213713 - -64?
-1213627
In base 13, what is c9 + 2921c?
29318
In base 2, what is -100010010 - 11011010100111111?
-11011011001010001
In base 7, what is 51043 - 511?
50232
In base 6, what is -510 + -52112042?
-52112552
In base 13, what is 4 - -9278a38?
9278a3c
In base 13, what is 4837970 - 3a?
4837933
In base 4, what is 2000020 - -12201?
2012221
In base 11, what is 215696 - 0?
215696
In base 11, what is -5a22184 + -45?
-5a22219
In base 12, what is 4a455a + -73?
4a44a7
In base 14, what is -1882 + 4895?
3013
In base 3, what is 10021212102 + -2112?
10021202220
In base 11, what is 215787174 - 1?
215787173
In base 8, what is -2200475 - 15?
-2200512
In base 3, what is 11220 - 211101100?
-211012110
In base 11, what is a166 + 3503?
12669
In base 16, what is ec + dcab?
dd97
In base 2, what is -110 - 111100111001110111111010?
-111100111001111000000000
In base 2, what is -100 + -10110010111010100011110?
-10110010111010100100010
In base 16, what is -df - -d23?
c44
In base 7, what is 3 - 303230612?
-303230606
In base 3, what is 22122210021001 - -22?
22122210021100
In base 3, what is -1021101 + 1121202111?
1120111010
In base 13, what is -15 - -187bbc5?
187bbb0
In base 3, what is -100021210 - -202000?
-22112210
In base 8, what is -1311 - -346263?
344752
In base 13, what is 755617 - -3?
75561a
In base 9, what is 183763 + -75?
183677
In base 12, what is 147930 - -1?
147931
In base 3, what is -1112111102211111 - 12?
-1112111102211200
In base 10, what is 34438249 - 0?
34438249
In base 13, what is 3b3249 + 1bb?
3b3437
In base 11, what is 104a070 - 60?
104a010
In base 11, what is -a4895 + 7?
-a4889
In base 3, what is -2 + -21021112021220111?
-21021112021220120
In base 5, what is 24144043214 + -42?
24144043122
In base 7, what is -326 + -45?
-404
In base 2, what is -10111011000111101 + 110110010001?
-10110100010101100
In base 11, what is -14a3a + -30?
-14a6a
In base 6, what is 10111 + -440021?
-425510
In base 14, what is 101c5 + -178?
1004b
In base 14, what is -20 + 5823?
5803
In base 14, what is 312ad - 70?
3123d
In base 6, what is -4 + 132304141?
132304133
In base 4, what is -3121111121 - 11?
-3121111132
In base 8, what is 3 + 110022643?
110022646
In base 3, what is -10212011020111 + -100?
-10212011020211
In base 16, what is -1d9 - e7d0?
-e9a9
In base 7, what is -3 + -2321406103?
-2321406106
In base 14, what is -266 - 3236?
-349c
In base 12, what is 0 - 2930644?
-2930644
In base 8, what is 15230 + -1230?
14000
In base 6, what is 21 + -1304414?
-1304353
In base 4, what is 2132123 - -30303222?
33102011
In base 3, what is -1220220222220210202 - -11?
-1220220222220210121
In base 3, what is -102020 + 101122110?
101020020
In base 4, what is 0 - -21001203003112?
21001203003112
In base 8, what is 75422 + -1135?
74265
In base 12, what is -15a5 - 4025?
-560a
In base 14, what is 1c60 - -6a5?
2525
In base 16, what is 15adbe + -7?
15adb7
In base 9, what is -168514767 - -1?
-168514766
In base 15, what is 38e0c3 - -19?
38e0dc
In base 3, what is -111122 + -11210200000?
-11211011122
In base 11, what is -157929966 + 2?
-157929964
In base 3, what is -10 - -1221112100101002?
1221112100100222
In base 14, what is 